125. Is f(-16) a prime number?
False
Let q(j) = 2*j**3 + 9*j**2 - 9*j - 17. Let k be q(-5). Suppose 2*b = 2*w - 0*b - 2268, k*b = 2*w - 2265. Is w a composite number?
True
Let p(g) = g**3 - g**2 - g + 26231. Is p(0) a prime number?
False
Suppose i + 786853 = 24*i. Is i prime?
True
Let c = 12259 + -8450. Is c composite?
True
Suppose -5*j + 17929 = -3*d, -8*j = -5*j - d - 10759. Is j a prime number?
False
Let i = 301 + -104. Let j = 408 - i. Is j composite?
False
Is (-2)/(-3)*1236963/182 a composite number?
True
Let v(n) = 1193*n - 25. Is v(2) a prime number?
False
Suppose 23668 = 9*p + 8503. Is p a prime number?
False
Suppose 78*f - 74*f - 11756 = 0. Is f a prime number?
True
Let l = -73800 + 114123. Is l composite?
True
Let h(o) = -6*o**2 + o + 10. Let q be h(5). Is (-30)/q - (-3661)/9 a composite number?
True
Let w(u) be the first derivative of u**3 + 5*u**2/2 + 5*u + 22. Is w(-6) prime?
True
Suppose 4*g = f - 14139, 5*g - 61453 = -5*f + 9267. Is f composite?
False
Let v(c) = c + 2. Let q be v(-4). Let r be (-944)/q + -2 + -1. Suppose -151 = 2*b - r. Is b prime?
False
Suppose 0 = -4*v + 16 + 4. Suppose 0 = 2*r - v*q - 493, -r - 2*q + 210 = -23. Is r composite?
False
Is 1794962/31 + 1 + -4 a composite number?
False
Let n = 7241 + -10424. Is 2 - -1 - (n - (-2 + -3)) a prime number?
True
Let x be 1*(-2)/7 - 1725/161. Is ((-80)/(-55))/8 + (-4497)/x a composite number?
False
Suppose -2420 - 1661 = -11*l. Is l a composite number?
True
Suppose 3*p + j - 727 = 1976, -5*j = 0. Is p a prime number?
False
Suppose -2*w - 16 = -4*w. Let s = -5 + w. Suppose 0 = -t + 6*t - s*u - 239, -2*t - 5*u + 108 = 0. Is t prime?
False
Let k(t) = 33*t**2 + 14*t + 8. Let d be k(10). Let b = 5219 - d. Suppose -5*f + b = -304. Is f composite?
True
Suppose -v = -2*v - 1, -4*a + 3*v = 45. Let d be ((-87)/a)/(1/8). Let y = d + 25. Is y prime?
True
Is (-12)/15 + 11528/10 + -3 a composite number?
True
Let d be (4/12*2)/(1/(-3)). Is ((-3)/d)/(15/690) a prime number?
False
Let m(z) = -9*z**3 - 11*z**2 + 22*z + 21. Let d be m(-10). Suppose w + 3*u - 793 - 754 = 0, 0 = 5*w - 2*u - d. Is w composite?
True
Suppose 8*o + 1522 = 11*o - 5*a, -4*o + 4*a + 2040 = 0. Is o a prime number?
False
Suppose -4*u = 5*z - 36, 4*z - u - 8 = u. Suppose 4*b = -3*r - b + 1301, z*r - 3*b = 1696. Is r composite?
True
Let a be (-3)/(-60)*5 - (-6735)/4. Is a - (-9 - (-12)/3) composite?
True
Let k(l) = -72*l**3 + 18*l - 25*l**2 + 34*l**3 + 37*l**3 + 3. Is k(-26) prime?
True
Let t be (3 + 0)/((-18)/(-24)). Suppose -2*f + 1500 = 4*h, 0 = -t*h + 7*h - f - 1115. Is h a prime number?
True
Suppose 3*b + 3 = k, 2*k = k - 5*b - 5. Suppose k = 5*v - 6187 - 2928. Is v composite?
False
Let r = -3284 + 7435. Is r a composite number?
True
Suppose 3*m - 8*m + 40 = 0. Suppose -m - 62 = -y. Suppose d - y = -d. Is d prime?
False
Suppose 4*g + 88 = -5*n, -3*g = 3*n + 2*g + 58. Let t = n + 30. Is t prime?
False
Let q(o) = 5*o**2 - 11 + 5*o + 6*o + o**3 + 13*o**2. Is q(-15) a prime number?
True
Let a be (0/3)/(1*-1). Suppose -20 = -3*z + 4*k, -z + a*z - 3*k = 15. Suppose z = 2*s + 3*i - 314, s + 3*i + 2*i - 143 = 0. Is s a composite number?
False
Suppose 0 = 10*v + 341 - 1911. Is v a prime number?
True
Let n be -2*(42/4)/3. Let g(l) = -l**3 + 3*l - 1. Let r(c) = -2*c**3 + 5*c - 2. Let d(q) = 9*g(q) - 4*r(q). Is d(n) prime?
True
Let n(i) = 3*i + 25. Let x be n(-7). Let l(d) = 9*d**2 - 3. Is l(x) prime?
False
Let g(f) = -f**2 + f - 16. Let k be g(0). Let v = k - -20. Let o(s) = 33*s**2 + 8*s - 3. Is o(v) composite?
False
Suppose -4*a + 8*a - 117940 = 0. Is a composite?
True
Suppose 0 = 2*k - 4*c - 26674, -5*k + 92*c + 66730 = 97*c. Is k a composite number?
True
Suppose 30 = -4*t + 5*y + 95, 73 = 5*t + 2*y. Let s(m) = 54*m - 25. Is s(t) composite?
True
Suppose 0 = 9*k - 1215 - 12672. Is k prime?
True
Suppose 5*l - 14836 = -3*i, -5*i + 3*l + 24670 = -0*i. Is i prime?
True
Suppose -4*c - 4*s - s + 3105 = 0, 2*s = 4*c - 3126. Let f = 1369 + c. Let q = f - 1470. Is q a prime number?
False
Let o be (1 - 1)/(11 - 13). Let r = 5 - o. Suppose -p + r*b = -223, p - 4*b + 3 - 222 = 0. Is p a composite number?
True
Is 31765 + -7 + 8 + 3 prime?
True
Let a = 6 - 4. Let i be 6 - (3 + (a - 2)). Is i/(12/(-1))*-652 prime?
True
Let t be (-1 + -1)/((-16)/(-16120)*-1). Let j = t - 904. Is j a prime number?
False
Suppose -53*h + 79*h = 1002118. Is h composite?
False
Let u(t) = 16*t**2 + 19*t + 50. Is u(-7) prime?
True
Suppose x = -5*p + 699 + 1764, -7484 = -3*x + 4*p. Suppose -2*h = 4*r - x, 250 = r - 5*h - 383. Is r prime?
False
Let c be 1*(-4)/((-24)/27)*-2. Let x(a) = -8*a - 19. Is x(c) a composite number?
False
Let i(y) = y + 19. Let q be i(-17). Let j be q + 594 + -1 + -2. Let m = -262 + j. Is m composite?
False
Let f(q) = 3*q**3 - 12*q**2 + 23*q - 13. Let u(a) = -2*a**3 + 13*a**2 - 22*a + 13. Let r(h) = -3*f(h) - 4*u(h). Is r(-18) composite?
False
Suppose 20 = 5*b, 6*b = -4*v + 2*b + 4. Let m(q) = 67*q**2 + q - 7. Is m(v) a prime number?
True
Suppose -16*y - 20 + 68 = 0. Suppose o - y*o + 4602 = -r, -2*o + 4596 = -4*r. Is o a composite number?
True
Let g be (-2)/(-3) - 46*43/(-3). Suppose -5*n + t + 1657 = 0, 2*t = -2*n + t + g. Is n a prime number?
True
Suppose -49*c = 8217 + 2269. Suppose -1006 = -5*k + 3*k. Let r = c + k. Is r prime?
False
Let v = 15418 + -8097. Is v prime?
True
Suppose -4*k + 9052 = 4*g, 11305 = 2*g + 3*g + 3*k. Is g composite?
True
Let z(s) = -2*s - 34. Let p be z(-15). Is (1 + -562)*(0 + p/12) prime?
False
Suppose 0 = -z - g + 1516, 3*z - 4*g - 1860 - 2695 = 0. Is z a prime number?
False
Suppose -4 = -4*q, 2 - 7 = u - 3*q. Is 4918/u*6/(-6) composite?
False
Is 653/(48/40 + 1/(-5)) prime?
True
Suppose 3*t - 32*t = -53099. Is t a composite number?
False
Let g(a) = 355 - 22 - 29 - a. Let n be g(0). Suppose 0 = 2*u + 3*u + 2*z - 289, -n = -5*u + 3*z. Is u a composite number?
False
Let z(i) be the second derivative of 80*i**4/3 + 3*i**2/2 + 16*i. Is z(2) prime?
True
Suppose -88*k = -102*k + 11046. Is k a prime number?
False
Let s(j) = j**3 + 14*j**2 - 7*j + 9. Let u(f) = 6*f - 5. Let h be u(-1). Is s(h) a prime number?
True
Suppose 2*g - 3 = f, -3*g + 2 = f - 5. Suppose g*x - 306 + 88 = 0. Is x a prime number?
True
Let m = -98 - -102. Suppose -16896 = -m*c + 5*p, 4799 - 582 = c - 3*p. Is c composite?
False
Let l = 29 - 18. Suppose l*h = 6*h + 1735. Is h a composite number?
False
Suppose 11*g - 3480 = 5*g. Let b = g + -389. Is b prime?
True
Let l(z) = 3*z**3 - 3*z**2 - 2*z + 5. Suppose 2*s + 21 = 3*g, -3*s + 14 = 4*g - s. Is l(g) prime?
False
Suppose 8*o + 9 = 11*o. Suppose 864 = o*k - 87. Is k composite?
False
Suppose 4*g + 2561 = 3*w, 6*g - g = 4*w - 3415. Suppose 5*z - 4240 = -w. Is z composite?
False
Suppose f + 3*w = 400, -w + 5*w - 401 = -f. Is f a prime number?
True
Let q = 2025 - 1112. Is q a prime number?
False
Let o(c) = 39*c**2 + c - 30. Let v be o(5). Suppose 0 = 7*b + v - 5241. Is b composite?
False
Let q = 492 + 139. Is q prime?
True
Suppose 2*g + 2*o + o = 21, -g + o + 3 = 0. Let x = 10 - g. Suppose x*p + 4*l - 56 = 60, 5*p = -3*l + 153. Is p a composite number?
True
Suppose -18*u = -9*u - 3276. Let f = 187 + u. Is f a prime number?
False
Suppose 4 + 8 = 4*h. Let j(s) = 3*s**2 + 4. Let g be j(4). Let w = g + h. Is w prime?
False
Suppose 5*m + 22 - 2 = 0. Let a = 271 - 265. Is 108 + m/(-8)*a a composite number?
True
Is -6*(65441/(-6) - 4) a prime number?
False
Let d be (-2 - -1)/((-4)/8). Suppose -4*a = -d*a - 8. Is (-148)/a*-13*1 a composite number?
True
Let r(m) = -2135*m**3 - 4*m**2 - 8*m - 3. Is r(-2) a prime number?
True
Let i be (-789219)/(-54) - (-2)/(-12). Suppose 6*t - i = t. Is t composite?
True
Let i(r) = 658*r**3 - 4*r - 2. Let p be i(-2). Let d = p - -13867. Is d a composite number?
False
Is (0 - 0) + (-31)/(31/(-3722)) composite?
True
Let k = -37942 + 126011. Is k composite?
False
Let o = 414 + -92. Let r(y) = 8*y**2 - y + 17. Let a be r(3). Suppose o = 4*b + a. Is b composite?
False
Let d(w) = -7*w - 37 + 0*w - 8*w**3 + 9*w**3 - 12*w**2. Is d(15) composite?
True
Let n be -1 - 3 - -8 - -3. Suppose -11*d + 524 = -n*d. Is d - (-9)/(27/(-12)) prime?
True
Suppose 4*k + 3 = -9. Let f = 8 + k. Suppose -f*y + 2*y = -291. Is y composite?
False
Suppose -l - 3*h + 14 = 0, -5 = -l - h + 1. Suppose -l*x = -